{"id":747,"date":"2022-05-02T19:15:05","date_gmt":"2022-05-02T19:15:05","guid":{"rendered":"https:\/\/rakelcraft.com\/?post_type=product&#038;p=747"},"modified":"2023-04-01T13:09:58","modified_gmt":"2023-04-01T12:09:58","slug":"ebook-saint-tropez-knits-by-maialen-kiros-rakelcraft","status":"publish","type":"product","link":"https:\/\/rakelcraft.com\/index.php\/producto\/ebook-saint-tropez-knits-by-maialen-kiros-rakelcraft\/","title":{"rendered":"Saint Tropez Knits by Maialen Kiros &#038; Rakelcraft"},"content":{"rendered":"<p><span style=\"font-weight: 400;\">La glamurosa ciudad costera del sur de Francia, un pueblo de pescadores, las aguas del mediterr\u00e1neo y el estilo desenfadado pero siempre elegante de Grace Kelly ha sido lo que nos ha inspirado para dise\u00f1ar estos patrones que tienes ante t\u00ed.\u00a0<\/span><\/p>\n<p><span style=\"font-weight: 400;\">\u00bfOs imagin\u00e1is navegando en lujosos yates por las aguas del Mediterr\u00e1neo, o recorriendo estrechas y tranquilas calles, escuchando y oliendo el mar mientras observ\u00e1is mansiones y palacetes que evocan elegantes tiempos pasados?<\/span><\/p>\n<p><span style=\"font-weight: 400;\">Esto es el Ebook Saint Tropez Knits.<\/span><\/p>\n<p><span style=\"font-weight: 400;\">Con nuestros dise\u00f1os queremos ofreceros una gran versatilidad entre la formalidad de un evento o una cena rom\u00e1ntica y la comodidad de un d\u00eda de turismo, cuando el moreno suple al maquillaje y los d\u00edas de relax potencian la belleza.<\/span><\/p>\n<p><span style=\"font-weight: 400;\">Hablar de verano en moda siempre se ha asociado a rayas, es la elecci\u00f3n perfecta para los d\u00edas en alta mar, pero nosotras os ense\u00f1amos que el blanco y el monocolor se adaptan a cualquier ocasi\u00f3n.<\/span><\/p>\n<p><span style=\"font-weight: 400;\">Nos hemos centrado en el glamour y la elegancia de la mujer europea. Las texturas, los encajes, las rayas as\u00ed como el uso del color, hace que estos patrones resalten el estilo femenino de una mujer segura y elegante.<\/span><\/p>\n<p><span style=\"font-weight: 400;\">Saint Tropez tiene y tendr\u00e1 su lugar en la historia de la moda como inspiraci\u00f3n mediterr\u00e1nea y nosotras con este libro pretendemos tener un lugar en ti, en tus veranos y sobre todo en los grandes momentos que seguro vivir\u00e1s .<\/span><\/p>\n<p><span style=\"font-weight: 400;\">Esperamos que disfrutes con cada patr\u00f3n tanto como nosotras lo hemos hecho dise\u00f1\u00e1ndolos.<\/span><span style=\"font-weight: 400;\"><br \/>\n<\/span><\/p>\n<p>Estos patrones tienen un nivel intermedio de punto y tan solo es necesario saber tejer punto del derecho, del rev\u00e9s, hacer aumentos y disminuciones.<\/p>\n","protected":false},"excerpt":{"rendered":"<p><span style=\"font-weight: 400;\">Verano. Calles adoquinadas, edificios pintorescos, extraordinarias vistas al mar, antiguos pueblos de pescadores, naturaleza, playas y en un deseado lugar de vacaciones.<\/span><\/p>\n<p><span style=\"font-weight: 400;\">Tejer. Puntos calados, fibras fresquitas, texturas sencillas, rayas, glamour, chales, calcetines,\u00a0 tops y chaquetas.<\/span><\/p>\n<p><span style=\"font-weight: 400;\">Nosotras. Rakel y Maialen.<\/span><\/p>\n<p><span style=\"font-weight: 400;\">Y todo esto es para presentaros nuestro nuevo ebook de verano, Saint Tropez Knits. Un ebook que hemos creado con mucho cari\u00f1o e ilusi\u00f3n.<\/span><\/p>\n","protected":false},"featured_media":763,"comment_status":"open","ping_status":"closed","template":"","meta":{"site-sidebar-layout":"default","site-content-layout":"default","ast-site-content-layout":"default","site-content-style":"default","site-sidebar-style":"default","ast-global-header-display":"","ast-banner-title-visibility":"","ast-main-header-display":"","ast-hfb-above-header-display":"","ast-hfb-below-header-display":"","ast-hfb-mobile-header-display":"","site-post-title":"","ast-breadcrumbs-content":"","ast-featured-img":"","footer-sml-layout":"","theme-transparent-header-meta":"default","adv-header-id-meta":"","stick-header-meta":"","header-above-stick-meta":"","header-main-stick-meta":"","header-below-stick-meta":"","astra-migrate-meta-layouts":"default","ast-page-background-enabled":"default","ast-page-background-meta":{"desktop":{"background-color":"var(--ast-global-color-4)","background-image":"","background-repeat":"repeat","background-position":"center center","background-size":"auto","background-attachment":"scroll","background-type":"","background-media":"","overlay-type":"","overlay-color":"","overlay-opacity":"","overlay-gradient":""},"tablet":{"background-color":"","background-image":"","background-repeat":"repeat","background-position":"center center","background-size":"auto","background-attachment":"scroll","background-type":"","background-media":"","overlay-type":"","overlay-color":"","overlay-opacity":"","overlay-gradient":""},"mobile":{"background-color":"","background-image":"","background-repeat":"repeat","background-position":"center center","background-size":"auto","background-attachment":"scroll","background-type":"","background-media":"","overlay-type":"","overlay-color":"","overlay-opacity":"","overlay-gradient":""}},"ast-content-background-meta":{"desktop":{"background-color":"var(--ast-global-color-5)","background-image":"","background-repeat":"repeat","background-position":"center center","background-size":"auto","background-attachment":"scroll","background-type":"","background-media":"","overlay-type":"","overlay-color":"","overlay-opacity":"","overlay-gradient":""},"tablet":{"background-color":"var(--ast-global-color-5)","background-image":"","background-repeat":"repeat","background-position":"center center","background-size":"auto","background-attachment":"scroll","background-type":"","background-media":"","overlay-type":"","overlay-color":"","overlay-opacity":"","overlay-gradient":""},"mobile":{"background-color":"var(--ast-global-color-5)","background-image":"","background-repeat":"repeat","background-position":"center center","background-size":"auto","background-attachment":"scroll","background-type":"","background-media":"","overlay-type":"","overlay-color":"","overlay-opacity":"","overlay-gradient":""}}},"product_brand":[],"product_cat":[18],"product_tag":[54,22,23],"class_list":{"0":"post-747","1":"product","2":"type-product","3":"status-publish","4":"has-post-thumbnail","6":"product_cat-patrones-de-punto","7":"product_tag-agujas-circulares","8":"product_tag-knit","9":"product_tag-punto","10":"desktop-align-left","11":"tablet-align-left","12":"mobile-align-left","14":"first","15":"instock","16":"featured","17":"downloadable","18":"taxable","19":"shipping-taxable","20":"purchasable","21":"product-type-simple"},"jetpack_sharing_enabled":true,"_links":{"self":[{"href":"https:\/\/rakelcraft.com\/index.php\/wp-json\/wp\/v2\/product\/747","targetHints":{"allow":["GET"]}}],"collection":[{"href":"https:\/\/rakelcraft.com\/index.php\/wp-json\/wp\/v2\/product"}],"about":[{"href":"https:\/\/rakelcraft.com\/index.php\/wp-json\/wp\/v2\/types\/product"}],"replies":[{"embeddable":true,"href":"https:\/\/rakelcraft.com\/index.php\/wp-json\/wp\/v2\/comments?post=747"}],"wp:featuredmedia":[{"embeddable":true,"href":"https:\/\/rakelcraft.com\/index.php\/wp-json\/wp\/v2\/media\/763"}],"wp:attachment":[{"href":"https:\/\/rakelcraft.com\/index.php\/wp-json\/wp\/v2\/media?parent=747"}],"wp:term":[{"taxonomy":"product_brand","embeddable":true,"href":"https:\/\/rakelcraft.com\/index.php\/wp-json\/wp\/v2\/product_brand?post=747"},{"taxonomy":"product_cat","embeddable":true,"href":"https:\/\/rakelcraft.com\/index.php\/wp-json\/wp\/v2\/product_cat?post=747"},{"taxonomy":"product_tag","embeddable":true,"href":"https:\/\/rakelcraft.com\/index.php\/wp-json\/wp\/v2\/product_tag?post=747"}],"curies":[{"name":"wp","href":"https:\/\/api.w.org\/{rel}","templated":true}]}}