{"id":1056,"date":"2025-03-03T10:59:50","date_gmt":"2025-03-03T09:59:50","guid":{"rendered":"https:\/\/rakelcraft.com\/?post_type=product&#038;p=1056"},"modified":"2025-03-03T11:13:32","modified_gmt":"2025-03-03T10:13:32","slug":"candy-sweater","status":"publish","type":"product","link":"https:\/\/rakelcraft.com\/index.php\/producto\/candy-sweater\/","title":{"rendered":"Candy Sweater"},"content":{"rendered":"<p data-start=\"166\" data-end=\"395\">Si buscas un proyecto bonito y vers\u00e1til, <strong data-start=\"207\" data-end=\"224\">Candy Sweater<\/strong> es perfecto para ti. Un su\u00e9ter ligero y con un dise\u00f1o elegante de calados, ideal para quienes disfrutan tejer con t\u00e9cnicas sencillas pero con un resultado espectacular.<\/p>\n<p data-start=\"397\" data-end=\"866\">\ud83d\udd39 <strong data-start=\"400\" data-end=\"409\">Nivel<\/strong>: Intermedio (punto derecho y rev\u00e9s, aumentos, disminuciones y levantado de puntos).<br data-start=\"493\" data-end=\"496\" \/>\ud83d\udd39 <strong data-start=\"499\" data-end=\"515\">Construcci\u00f3n<\/strong>: Se trabaja en <strong data-start=\"531\" data-end=\"554\">plano y en circular<\/strong>, comenzando por la espalda y los delanteros hasta unir el cuerpo.<br data-start=\"620\" data-end=\"623\" \/>\ud83d\udd39 <strong data-start=\"626\" data-end=\"636\">Tallas<\/strong>: 1 (2, 3) \u2013 holgado y c\u00f3modo, con 15 cm de holgura.<br data-start=\"688\" data-end=\"691\" \/>\ud83d\udd39 <strong data-start=\"694\" data-end=\"714\" data-is-only-node=\"\">Hilo recomendado<\/strong>: Bamb\u00fa Premium de Lanas Rub\u00ed (100% Bamb\u00fa &#8211;\u00a0100 g\/274 mts.): 4 (5, 6) ovillos<\/p>\n<p data-start=\"397\" data-end=\"866\">\ud83d\udd39 <strong>Per\u00edmetro de pecho de la prenda bloqueada<\/strong>: 105(110\/115) cm <br data-start=\"757\" data-end=\"760\" \/>\ud83d\udd39 <strong data-start=\"763\" data-end=\"773\">Agujas<\/strong>: Circulares de 3.5 mm.<br data-start=\"796\" data-end=\"799\" \/>\ud83d\udd39 <strong data-start=\"802\" data-end=\"812\">Extras<\/strong>: Marcadores, aguja lanera, tijeras y cinta m\u00e9trica.<\/p>\n<p data-start=\"868\" data-end=\"960\">\ud83d\udce9 <strong data-start=\"871\" data-end=\"900\">Patr\u00f3n descargable en PDF<\/strong> con explicaciones detalladas, gr\u00e1ficos y videos de apoyo.<\/p>\n<p data-start=\"962\" data-end=\"1049\">\ud83d\udcf8 \u00a1Me encantar\u00e1 ver tu versi\u00f3n! Etiqu\u00e9tame en <strong data-start=\"1009\" data-end=\"1024\">@rakelcraft<\/strong> con <strong data-start=\"1029\" data-end=\"1046\">#CandySweater<\/strong>.<\/p>\n","protected":false},"excerpt":{"rendered":"<p>Teje tu propio su\u00e9ter ligero y elegante con este <strong data-start=\"111\" data-end=\"140\">patr\u00f3n descargable en PDF<\/strong>. Dise\u00f1ado con un precioso calado y construcci\u00f3n en <strong data-start=\"192\" data-end=\"212\">plano y circular<\/strong>, es ideal para tejedoras de nivel intermedio.<\/p>\n","protected":false},"featured_media":1059,"comment_status":"open","ping_status":"closed","template":"","meta":{"site-sidebar-layout":"default","site-content-layout":"","ast-site-content-layout":"default","site-content-style":"default","site-sidebar-style":"default","ast-global-header-display":"","ast-banner-title-visibility":"","ast-main-header-display":"","ast-hfb-above-header-display":"","ast-hfb-below-header-display":"","ast-hfb-mobile-header-display":"","site-post-title":"","ast-breadcrumbs-content":"","ast-featured-img":"","footer-sml-layout":"","theme-transparent-header-meta":"default","adv-header-id-meta":"","stick-header-meta":"","header-above-stick-meta":"","header-main-stick-meta":"","header-below-stick-meta":"","astra-migrate-meta-layouts":"set","ast-page-background-enabled":"default","ast-page-background-meta":{"desktop":{"background-color":"var(--ast-global-color-4)","background-image":"","background-repeat":"repeat","background-position":"center center","background-size":"auto","background-attachment":"scroll","background-type":"","background-media":"","overlay-type":"","overlay-color":"","overlay-opacity":"","overlay-gradient":""},"tablet":{"background-color":"","background-image":"","background-repeat":"repeat","background-position":"center center","background-size":"auto","background-attachment":"scroll","background-type":"","background-media":"","overlay-type":"","overlay-color":"","overlay-opacity":"","overlay-gradient":""},"mobile":{"background-color":"","background-image":"","background-repeat":"repeat","background-position":"center center","background-size":"auto","background-attachment":"scroll","background-type":"","background-media":"","overlay-type":"","overlay-color":"","overlay-opacity":"","overlay-gradient":""}},"ast-content-background-meta":{"desktop":{"background-color":"var(--ast-global-color-5)","background-image":"","background-repeat":"repeat","background-position":"center center","background-size":"auto","background-attachment":"scroll","background-type":"","background-media":"","overlay-type":"","overlay-color":"","overlay-opacity":"","overlay-gradient":""},"tablet":{"background-color":"var(--ast-global-color-5)","background-image":"","background-repeat":"repeat","background-position":"center center","background-size":"auto","background-attachment":"scroll","background-type":"","background-media":"","overlay-type":"","overlay-color":"","overlay-opacity":"","overlay-gradient":""},"mobile":{"background-color":"var(--ast-global-color-5)","background-image":"","background-repeat":"repeat","background-position":"center center","background-size":"auto","background-attachment":"scroll","background-type":"","background-media":"","overlay-type":"","overlay-color":"","overlay-opacity":"","overlay-gradient":""}}},"product_brand":[],"product_cat":[18],"product_tag":[54,37,40,19,22,23,20,21,42],"class_list":{"0":"post-1056","1":"product","2":"type-product","3":"status-publish","4":"has-post-thumbnail","6":"product_cat-patrones-de-punto","7":"product_tag-agujas-circulares","8":"product_tag-bambu","9":"product_tag-boho","10":"product_tag-jersey","11":"product_tag-knit","12":"product_tag-punto","13":"product_tag-topdown","14":"product_tag-tricot","15":"product_tag-verano","16":"desktop-align-left","17":"tablet-align-left","18":"mobile-align-left","20":"first","21":"instock","22":"downloadable","23":"virtual","24":"taxable","25":"purchasable","26":"product-type-simple"},"jetpack_sharing_enabled":true,"_links":{"self":[{"href":"https:\/\/rakelcraft.com\/index.php\/wp-json\/wp\/v2\/product\/1056","targetHints":{"allow":["GET"]}}],"collection":[{"href":"https:\/\/rakelcraft.com\/index.php\/wp-json\/wp\/v2\/product"}],"about":[{"href":"https:\/\/rakelcraft.com\/index.php\/wp-json\/wp\/v2\/types\/product"}],"replies":[{"embeddable":true,"href":"https:\/\/rakelcraft.com\/index.php\/wp-json\/wp\/v2\/comments?post=1056"}],"wp:featuredmedia":[{"embeddable":true,"href":"https:\/\/rakelcraft.com\/index.php\/wp-json\/wp\/v2\/media\/1059"}],"wp:attachment":[{"href":"https:\/\/rakelcraft.com\/index.php\/wp-json\/wp\/v2\/media?parent=1056"}],"wp:term":[{"taxonomy":"product_brand","embeddable":true,"href":"https:\/\/rakelcraft.com\/index.php\/wp-json\/wp\/v2\/product_brand?post=1056"},{"taxonomy":"product_cat","embeddable":true,"href":"https:\/\/rakelcraft.com\/index.php\/wp-json\/wp\/v2\/product_cat?post=1056"},{"taxonomy":"product_tag","embeddable":true,"href":"https:\/\/rakelcraft.com\/index.php\/wp-json\/wp\/v2\/product_tag?post=1056"}],"curies":[{"name":"wp","href":"https:\/\/api.w.org\/{rel}","templated":true}]}}